 145.
60
Let w = -8 - 23. Suppose 0 = 163*n - 179*n + 1152. Let b = n + w. What is the remainder when b is divided by 12?
5
Suppose 4*o = -4*m + 32, 6*m + 4*o - 41 = m. Let t(i) = i - 2. Let d be t(8). Suppose -d*q + 840 = 8*q. Calculate the remainder when q is divided by m.
6
Suppose 24644 = 1951*i - 6572. What is the remainder when -282*(1 + 6/(-4)) is divided by i?
13
Suppose r - 4*u - 730 = 0, 4*r - 2857 = -13*u + 8*u. Suppose 0 = j + 2*g - 9, -5*g = -2*j - g + 42. What is the remainder when r is divided by j?
13
Suppose -3*o = t - 3*t + 659, -2*t + 665 = -5*o. Suppose 0 = 3*d + 5*a - t, -36 - 176 = -2*d - a. What is the remainder when d is divided by 12?
9
Let t(h) = -3*h + 147. Let w be t(49). Suppose -6*k + 397 + 677 = w. What is the remainder when k is divided by 26?
23
Let b = 65889 + -65876. Let c(h) = 8*h**2 + 2*h - 3. Calculate the remainder when c(3) is divided by b.
10
Let u = 31 - -11. Suppose 1 = 5*k - 9, -4*l + 3*k = -14. Suppose 0 = -l*z + 4*a + u, 0 = 4*z - z + 3*a - 9. Calculate the remainder when z is divided by 2.
0
Let z = -10 + 29. Let d be -1 + 42/7 + -5. Suppose d = 4*y - 5*l - 37, 2*l = 3*y - 0*y - z. Calculate the remainder when 21 is divided by y.
0
Suppose -456 - 700 = -4*u. Suppose 0 = 210*x - 1497 - 18873. What is the remainder when u is divided by x?
95
Let q = -29 - -27. What is the remainder when ((-22)/(-33))/(q/(-291)) is divided by 11?
9
Let n = 929 - 813. Calculate the remainder when n is divided by 65.
51
Let q(l) = -50*l - 2488. Let a(c) = -54*c**3 - 2*c**2 - c. Let p be a(-1). Let z = -34 + p. What is the remainder when z is divided by q(-50)?
7
Let b(v) = -4*v + 13. Let a = 1533 + -1431. What is the remainder when a is divided by b(-11)?
45
Let c(t) = -t**3 + 11*t**2 + 9*t + 15. Let m be c(13). Let x be m*(-5 + (-24)/(-4)). Calculate the remainder when (13/(-39))/(2 - x/(-102)) is divided by 7.
3
Let b = -75 + 63. Suppose 51 = a + 2*a. What is the remainder when b*-22*(-3)/(-12) is divided by a?
15
Let l(q) = q**3 + 9*q**2 - 4*q - 14. Let i = 7 + -16. Let c be l(i). Suppose z - c = 7. Calculate the remainder when z is divided by 10.
9
Let x(h) = h**3 + 29*h**2 + 2*h + 73. Let t be x(-29). Calculate the remainder when 149 is divided by 1/t*-6 + (-222)/(-5).
17
Suppose 0 = -12*r + 10*r - 5*x + 1278, -3*r + 4*x = -1940. Let a = 649 - r. What is the remainder when 82 is divided by a?
2
Let h = -595 + 597. Suppose -4*n + 46 = h*z - 0*z, 2*z = -n + 43. Calculate the remainder when 292 is divided by z.
19
What is the remainder when 164/(88/(-132)*4/(-2)) is divided by 57?
9
Suppose -2*d - 3*q + 4674 = -4*q, -q = -4*d + 9348. What is the remainder when d is divided by 39?
36
Let u = -4602 - -4716. Calculate the remainder when u is divided by 18.
6
Suppose 254*d = 255*d + 4*b - 439, -2*b - 427 = -d. What is the remainder when d is divided by 145?
141
Let r = 2181 - 2146. What is the remainder when 104 is divided by r?
34
Let s(a) = a**3 - 97*a**2 + 23*a - 2137. What is the remainder when 45777 is divided by s(97)?
93
Let d(u) = u**2 + 132*u + 532. What is the remainder when 281 is divided by d(-4)?
1
Let j(s) = -1. Let k(f) = -36*f - 18. Let n(p) = -3*j(p) + k(p). What is the remainder when 40 is divided by n(-1)?
19
Suppose 5*z - 43 = -y, 20 = -2*y - 3*z + 78. Suppose 27*r - y = 26*r. What is the remainder when 41 is divided by r?
18
Suppose 20*p - 3*p = 51. Suppose -4*r - 5*a - 90 = -949, 618 = p*r - 5*a. What is the remainder when r is divided by 71?
69
Let f(w) = -9*w + 4. Let l be f(-2). Suppose -l*u = -19*u - 15. Suppose -u*p = -p + 5*o - 83, -4*p + 87 = o. Calculate the remainder when 41 is divided by p.
19
Let u be 2/7 - (-1374)/42. Suppose -8354 = -u*n + 1282. What is the remainder when n is divided by 91?
19
What is the remainder when ((-400)/(-240))/((-5)/(-2214)) is divided by 7?
3
Suppose 14*a - 6*a - 80 = 0. Suppose a*k - 12*k + 122 = 0. What is the remainder when k is divided by 7?
5
Suppose -c = -2*q + 10, -c = 5*q - 5 - 20. Let n = c + 23. Suppose -154 - 61 = -5*v. What is the remainder when v is divided by n?
20
Let o(t) = 41*t - 4. What is the remainder when o(6) is divided by 28910/(-2478)*(-4 + 0 + 1)?
32
Suppose 20172 - 5094 = 14*x. Calculate the remainder when x is divided by 24.
21
Suppose 0 = 20*j + 125 + 55. What is the remainder when (7 + j)/((-9)/450) is divided by 35?
30
Let w(q) = 210*q**3 - 4*q**2 + 4*q - 1. Let a be w(1). Let n = 19 + a. What is the remainder when n is divided by 23?
21
Suppose 4*n = 12, -4*r + 6*n = 2*n - 3728. Let d = 1437514 - 1437436. Calculate the remainder when r is divided by d.
77
Let u(s) = 120 + 38 - 13*s - 2*s + 10. What is the remainder when u(-21) is divided by 11?
10
Let v(d) = 27*d**3 - 2*d**2 + 127*d - 378. What is the remainder when v(3) is divided by 11?
10
Let p(d) = -501*d - 2465. Calculate the remainder when p(-6) is divided by 160.
61
Suppose 14*u + 5236 = 28*u. Calculate the remainder when u is divided by 73.
9
What is the remainder when -4 - -116 - (-300)/25 is divided by 15?
4
Calculate the remainder when (-10 - -18)*(-556)/(-32) is divided by 4/(-14) - (-21)/(1470/1000).
13
Let f be 2/6 - (-110)/30. Suppose -5*r + 55 = -f*r. Let s = 27545 - 27535. Calculate the remainder when r is divided by s.
5
Let c(q) = -5*q**3 - 4*q**2 - 4*q - 2. Suppose -498*a = -618*a + 120. What is the remainder when c(-2) is divided by a?
0
What is the remainder when 2072 is divided by -12*((-60)/8)/(-15) + (6 - -1)?
0
Let d(l) = l**3 + 8*l**2 - 10*l - 5. Let r be d(-9). Suppose 0*c - c + 392 = r*p, -3*c - 392 = -4*p. What is the remainder when p is divided by 20?
18
Suppose -21*p = -24*p + 12. Suppose 473 + 135 = -p*u. What is the remainder when 21 is divided by 3 - u/20 - (-3)/(-5)?
1
Let i(p) = p**2 - 8*p - 27. Let g be i(11). Suppose -37*u + 837 = -g*u. What is the remainder when 241 is divided by u?
25
Let g(y) be the second derivative of y**5/20 + 17*y**4/12 - y**3/6 + y**2/2 + 217*y. Calculate the remainder when g(-13) is divided by 21.
18
Let s(b) = -2*b**2 + 12*b + 510. Suppose 362 = 5*r + 117. What is the remainder when r is divided by s(19)?
1
Let o be (-27 - -31)*(-1)/(3 - 1). Calculate the remainder when 161 is divided by (2 - 0/(o/(-2))) + 53.
51
Let w(z) = -z**2 - 9*z + 14. Let m be w(-12). Suppose 12*q = 15*q - 33. Calculate the remainder when 7 + (-1764)/m + (-2)/q is divided by 22.
21
Suppose -2*y + 592*s = 596*s - 108, -2*y - 5*s = -115. What is the remainder when 2156 is divided by y?
36
Let d(v) = v - 2. Let g(c) = -c**2 + 10*c + 53. Let s(p) = 4*d(p) + g(p). Calculate the remainder when 130 is divided by s(14).
40
Let o(u) = 16*u**2 - 10*u - 9. Let g(v) = -16*v**2 + 9*v + 8. Let s(i) = -3*g(i) - 2*o(i). Calculate the remainder when 132 is divided by s(-1).
13
Let c = 6757 + -6665. What is the remainder when 914 is divided by c?
86
Let w(b) = 4*b**2 - 156*b + 1874. What is the remainder when w(15) is divided by 178?
78
Suppose 15918 = 124*r - 110*r. Suppose 12*y - 1671 = r. What is the remainder when y is divided by 22?
14
Suppose l + 35*l = 11684 - 2900. Let z(w) = 23*w - 5. Let o be z(6). Calculate the remainder when l is divided by o/14*4/2.
16
Suppose -l = 3, -l - 281 = 144*g - 146*g. Calculate the remainder when 4864 is divided by g.
138
Suppose 0 = 3*f + 12, 15*w + 144 = 20*w + 4*f. Let y(u) = -u**2 + 8*u - 5. What is the remainder when w is divided by y(4)?
10
Suppose -6*y + 0*y + 62685 = 6585. What is the remainder when y is divided by 167?
165
Suppose -4*v = -b - 12, -3*v = -102*b + 98*b + 56. Calculate the remainder when 1118 is divided by b.
18
What is the remainder when 435 is divided by (1 - (-38 - -7)) + -12?
15
Let f(g) = 2*g**2 + 22*g - 4. Let l(r) = -2*r - 33. Calculate the remainder when f(-15) is divided by l(-21).
8
Suppose 0 = -3*w - 5*x + 489, x - 315 = -4*w + 303. What is the remainder when w is divided by 50?
3
Suppose -4 = -13*k + 15*k. Let h be -25 + -2*(-1)/k. Let u = h - -40. What is the remainder when u is divided by 4?
2
Let f(n) = -6*n**3 + 6*n + 4*n**3 + 4*n + 22*n**2 - 3 - 3*n + 2*n. Calculate the remainder when f(10) is divided by 16.
15
Let y(u) = -u**3 - 7*u**2 - 4*u + 26. Let g be y(-6). Let w(b) = b + 15. Calculate the remainder when 84 is divided by w(g).
26
Suppose 29*v - 19*v - 190 = 0. Calculat